3 - -3 - -24). Let n = -20 + c. Calculate the remainder when 44 is divided by n/30 - (-2401)/105.
21
Suppose -2 = 2*l + 12. Calculate the remainder when (-2)/(-14)*1045 - (-2)/l is divided by 30.
29
Let w(d) = 93*d - 496. Calculate the remainder when w(6) is divided by (52/16)/(2/8).
10
Let s = -393 + 414. What is the remainder when s is divided by 6?
3
Let c(r) = -5*r**3 - r**2 - 2*r - 1. Let h be c(2). Suppose 6*l + 32 = 638. Let a = h + l. Calculate the remainder when a is divided by 27.
25
Calculate the remainder when ((-5)/(-1))/(10/40) is divided by 5.
0
Suppose 2*c + 0*c - 58 = 0. Let p = 139 + -53. Calculate the remainder when p is divided by c.
28
Let x(k) = k**2 - 10*k + 4. Let s = 47 - 37. What is the remainder when x(s) is divided by 1?
0
Suppose 50 = 6*k - 10. What is the remainder when 79 is divided by k?
9
Let u(v) = v**2 - v - 12. Let p(y) = -2*y**2 + y + 11. Let s(r) = -4*p(r) - 3*u(r). What is the remainder when s(-2) is divided by 3?
2
Suppose 2*t = 5*i - 154, -i + 2*t + 32 = -2. What is the remainder when 478 is divided by i?
28
Let s = 1910 + -1859. Calculate the remainder when 507 is divided by s.
48
Suppose 48*v - 13320 = 33*v. What is the remainder when v is divided by 33?
30
Suppose 0 = r + 2*r - 12. Suppose -z + 15 - 12 = 0. Calculate the remainder when r is divided by z.
1
Suppose 2*a - 2*j - 12 = 32, -4*j + 12 = 0. Calculate the remainder when 74 is divided by a.
24
Calculate the remainder when 5*-2*4/(-16)*50 is divided by 32.
29
Let w be (55/(-5))/(1 + -2). Suppose w*x - 3*x = 312. What is the remainder when 114 is divided by x?
36
Suppose -21*b + 664 = -974. What is the remainder when b is divided by 20?
18
Let k = -42 + 47. Suppose -156 - 49 = -k*n. Suppose -a + 11 = -152. Calculate the remainder when a is divided by n.
40
Suppose f = -4*r - 4 + 19, 3*r + 5*f = 7. Suppose -45 = -5*s - r*s. Let l = 9 - 0. Calculate the remainder when l is divided by s.
4
Let w(z) = 23*z - 44. Let h be 24/40 + (-34)/(-10). Calculate the remainder when w(h) is divided by 14.
6
Suppose -u - 2*m + 22 = 0, -2*m - 89 = -4*u - 11. What is the remainder when 518 is divided by u?
18
Let w = -5 - -2. Calculate the remainder when 29 is divided by -4 + 2 - (-13 - w).
5
Let v be -2*(15/(-6) + 3) - 14. What is the remainder when 1 - 24/((-2)/v*-3) is divided by 9?
7
Let w(n) = n**2 - 21*n + 9. Calculate the remainder when 367 is divided by w(21).
7
Let b be ((-4)/10)/((-1)/5). Let h(x) = -x**2 + 5*x**3 - 4*x**3 + 1 - 2*x**2 - x + x**b. What is the remainder when 26 is divided by h(3)?
5
Let a(n) = -n**3 - 41*n**2 + 81*n - 40. Calculate the remainder when a(-43) is divided by 22.
21
Suppose -2*d + 12 = 2. Let n be (8/14)/(12/42). Suppose n*h - 76 = -2*h. Calculate the remainder when h is divided by d.
4
Suppose 4*r + 8*s - 55 = 3*s, 3*r + 2*s - 36 = 0. Suppose -52 + 20 = -8*a. What is the remainder when r is divided by a?
2
Suppose 3*b - 259 = 4*s, 4*s + 0*s + 4*b = -280. Let i = -38 - s. What is the remainder when i is divided by 16?
13
Suppose 31 = -x + 35, 5*g = -4*x + 266. Calculate the remainder when 140 is divided by g.
40
Let n(l) = 38*l - 378. Calculate the remainder when n(17) is divided by 91.
86
Suppose 5*d = 5 + 20. Suppose -3*w - 47 = -k - 7, -3*k + w = -104. What is the remainder when k is divided by d?
4
Suppose -140 = -2*h + s, 2*h - 80 = -5*s + 36. Calculate the remainder when h is divided by ((-70)/(2 - 0))/((-1)/1).
33
Let a = 109 + -26. What is the remainder when 94 is divided by a?
11
Calculate the remainder when (-9 - -3)*6*5/(-10) is divided by (2 - (-4 - -5))*7.
4
Let v(p) = 52*p + 59*p + 0*p**2 + 3 - p**2 - 130*p. Calculate the remainder when v(-7) is divided by 44.
43
Suppose 0 = -l + 2*w - 40, 43 + 0 = -l + 3*w. Let b = l + 67. Suppose 0 = 3*x - 6*x + 54. What is the remainder when b is divided by x?
15
Let c(j) = 2*j**2 + 21*j + 54. Let v be c(-22). Suppose -v = -8*d - 144. What is the remainder when d is divided by 9?
7
Suppose 0 = -5*b + 19 - 4. Suppose t = b*t - 4. Suppose 0 = -o + t*o - 25. Calculate the remainder when 49 is divided by o.
24
Suppose -m + 11 = -0. Suppose m - 39 = -2*b. What is the remainder when 82 is divided by b?
12
Let j(m) = 59*m**2 - 3*m - 3. Suppose -b - 4 + 3 = 0. Calculate the remainder when j(b) is divided by 15.
14
Suppose 2*n - 3*n = -4*y - 64, 3*n - 5*y = 227. What is the remainder when n is divided by 27?
3
Let r(b) = -b + 8. Let y be r(13). Let a be ((-5)/y)/((-4)/(-4)). Let z(p) = 10*p**2 - p + 2. Calculate the remainder when z(a) is divided by 4.
3
Let h(z) be the second derivative of z**3/2 - 12*z**2 - 6*z. Let t = -14 + 26. What is the remainder when 35 is divided by h(t)?
11
Suppose 2296 = -112*l + 126*l. What is the remainder when l is divided by 58?
48
Suppose -2*l - 5*j + 33 = 0, -2*l - 6 = 2*j - 42. What is the remainder when 63 is divided by l?
6
Suppose -3*v - 4*m = -38 + 5, 0 = -2*v + 3*m + 5. Suppose v*i - 2*i = 60. Suppose i*w = 8*w + 48. What is the remainder when 47 is divided by w?
11
Let t = 73 + -32. Let k = -1491 + 1502. Calculate the remainder when t is divided by k.
8
Calculate the remainder when 18/(198/(-3245))*-1 is divided by 127.
41
Let g = 23 - 18. Let i(c) = -3*c + 6*c - 2*c - 6*c - g. Calculate the remainder when 79 is divided by i(-5).
19
Let i be (0 - 3) + (-3 - -3). Let a = i - -7. Let u(s) = s**2 + 8*s + 15. Calculate the remainder when u(-7) is divided by a.
0
Let i(n) = 9*n**3 + 3*n - 1. Let w be (1 - 2)/((-2)/4). Let m(y) = -y**3 + 18*y**2 - 3*y + 80. What is the remainder when i(w) is divided by m(18)?
25
Suppose 0 = 2*j - 187 - 33. Suppose -103 = -4*l + q + 11, -q = 2*l - 54. Calculate the remainder when j is divided by l.
26
Let y = -10 - -10. Let j = 19 + y. Suppose 4*i + i - 275 = 0. What is the remainder when i is divided by j?
17
Let i(h) = h**2 + 14*h - 9. Calculate the remainder when i(-17) is divided by 38.
4
Let h = 89 + -63. Calculate the remainder when 55 + 8 + (-154)/11 is divided by h.
23
Let a be (-27)/(-6) + (-3)/(-2)*-1. Suppose a*h = -4 + 118. What is the remainder when h is divided by 14?
10
Suppose -j = -5 + 6, -4*j + 452 = -4*r. Let u = 119 + r. What is the remainder when 22 is divided by u?
2
Suppose 56 = 4*h - 4*v, 4*v - 2 = 6. Calculate the remainder when 47 is divided by h.
15
Let a = 35 - 213. Let q be a*3/(-5 - 1). Suppose -q + 5 = -4*s. What is the remainder when 61 is divided by s?
19
Let t be 1 + 0 - (-13 - 26). Let f = 21 - t. Let a = -16 - f. Calculate the remainder when 3 is divided by a.
0
Suppose 0 = 3*b - 4*u - 74, -3*b - 4*u + 2 = -32. What is the remainder when b is divided by 5?
3
Let o = -45 + 117. Calculate the remainder when o is divided by 1298/88 + (-2)/(-8).
12
What is the remainder when 286 is divided by (-62 + 2)*(-2 + (-8)/(-5))?
22
Suppose -x + 3*i = -8 - 20, -4*x + 77 = -5*i. Let n = 2 + x. What is the remainder when 25 is divided by n?
10
Let k be 2/(21/15 + -1). Suppose k*n = 4*n. Suppose n = 2*c - 4*c + 14. What is the remainder when 20 is divided by c?
6
Let x = -1658 + 1710. What is the remainder when 622 is divided by x?
50
Let g be -9 - (-2)/(-4 + 2). Let c(p) = 8*p + 7. Let r be c(g). What is the remainder when 4 - (r - (-1)/(-1)) is divided by 20?
18
Let o be (-5 - -1) + 2 + 0. What is the remainder when 55 is divided by (o/(-8)*0 - 1)*-29?
26
Suppose -3 = 3*f - 6*f, -17 = -2*i + 5*f. What is the remainder when 285 is divided by i?
10
Suppose 114 + 120 = -6*i. Let u = -16 - i. Calculate the remainder when u is divided by 4.
3
Suppose 2*r = r - 5, -r - 100 = -5*u. Let f(w) = 3*w**3 + 3*w**2 - 2*w. Let v be f(2). Suppose -v - u = -3*i. What is the remainder when 47 is divided by i?
13
Suppose -29*m + 16 = -25*m, -2*h - 5*m = -172. Suppose -3*t - 64 = -4*g, 3*t = -4*g - 2*t + 32. What is the remainder when h is divided by g?
11
Suppose 2*p - 10*a = -11*a + 183, p = 5*a + 75. Let v = p - 75. Calculate the remainder when 34 is divided by v.
4
Let j(m) = 28*m**2 - 13*m - 3. Calculate the remainder when j(-3) is divided by 29.
27
Let q(u) = u**2 - u + 3. Let s be q(6). Let l = 101 - s. What is the remainder when l is divided by 35?
33
Suppose 3*g + 5*v - 3*v = 95, -5*v - 26 = -g. Suppose -y - 533 = -593. What is the remainder when y is divided by g?
29
Let x(z) = z**3 + 7*z**2 - z - 7. Let